{"id":954,"date":"2023-07-18T13:50:25","date_gmt":"2023-07-18T13:50:25","guid":{"rendered":"https:\/\/vfacessorios.com.br\/?post_type=produtos&#038;p=954"},"modified":"2023-07-18T13:50:26","modified_gmt":"2023-07-18T13:50:26","slug":"bagageiro-tubular-colado-ford","status":"publish","type":"produtos","link":"http:\/\/vfacessorios.com.br\/?produtos=bagageiro-tubular-colado-ford","title":{"rendered":"Bagageiro Tubular Colado &#8211; Ford"},"content":{"rendered":"\n<p><strong>Recomenda\u00e7\u00f5es de Uso<br><\/strong>Design exclusivo VF Acess\u00f3rios<br>Estrutura em alum\u00ednio<br>Acabamentos em pl\u00e1stico injetado<br>Dispon\u00edvel nas cores: anodizado, prata ou preto<br>Fixa\u00e7\u00e3o no teto do ve\u00edculo com Fita 3M com aplica\u00e7\u00e3o de primer e limpeza da superf\u00edcie onde ser\u00e1 instalado<br>N\u00e3o requer altera\u00e7\u00f5es no teto do ve\u00edculo<\/p>\n\n\n\n<p><strong>Recomenda\u00e7\u00f5es de Uso<\/strong><\/p>\n\n\n\n<p>Por ser um item decorativo, n\u00e3o aplique peso sobre o acess\u00f3rio.<br>N\u00e3o use o acess\u00f3rio para tracionar, pois poder\u00e1 provocar danos ao teto do seu ve\u00edculo.<\/p>\n\n\n\n<p class=\"has-small-font-size\">As marcas mencionadas e as imagens reproduzidas s\u00e3o de propriedade dos respectivos fabricantes e aqui s\u00e3o utilizados apenas para indicar a aplicabilidade ou destina\u00e7\u00e3o dos produtos fabricados pela VF Acess\u00f3rios, atendendo ao preceito contido no Art. 132 da lei 9279\/96.<\/p>\n","protected":false},"featured_media":374,"template":"","categories":[17],"veiculo":[74,71],"montadora":[45],"class_list":["post-954","produtos","type-produtos","status-publish","has-post-thumbnail","hentry","category-bagageiros","veiculo-fiesta","veiculo-uno","montadora-ford"],"acf":[],"_links":{"self":[{"href":"http:\/\/vfacessorios.com.br\/index.php?rest_route=\/wp\/v2\/produtos\/954","targetHints":{"allow":["GET"]}}],"collection":[{"href":"http:\/\/vfacessorios.com.br\/index.php?rest_route=\/wp\/v2\/produtos"}],"about":[{"href":"http:\/\/vfacessorios.com.br\/index.php?rest_route=\/wp\/v2\/types\/produtos"}],"wp:featuredmedia":[{"embeddable":true,"href":"http:\/\/vfacessorios.com.br\/index.php?rest_route=\/wp\/v2\/media\/374"}],"wp:attachment":[{"href":"http:\/\/vfacessorios.com.br\/index.php?rest_route=%2Fwp%2Fv2%2Fmedia&parent=954"}],"wp:term":[{"taxonomy":"category","embeddable":true,"href":"http:\/\/vfacessorios.com.br\/index.php?rest_route=%2Fwp%2Fv2%2Fcategories&post=954"},{"taxonomy":"veiculo","embeddable":true,"href":"http:\/\/vfacessorios.com.br\/index.php?rest_route=%2Fwp%2Fv2%2Fveiculo&post=954"},{"taxonomy":"montadora","embeddable":true,"href":"http:\/\/vfacessorios.com.br\/index.php?rest_route=%2Fwp%2Fv2%2Fmontadora&post=954"}],"curies":[{"name":"wp","href":"https:\/\/api.w.org\/{rel}","templated":true}]}}

<p><strong>Recomendações de Uso<br></strong>Design exclusivo VF Acessórios<br>Estrutura em alumínio<br>Acabamentos em plástico injetado<br>Disponível nas cores: anodizado, prata ou preto<br>Fixação no teto do veículo com Fita 3M com aplicação de primer e limpeza da superfície onde será instalado<br>Não requer alterações no teto do veículo</p>



<p><strong>Recomendações de Uso</strong></p>



<p>Por ser um item decorativo, não aplique peso sobre o acessório.<br>Não use o acessório para tracionar, pois poderá provocar danos ao teto do seu veículo.</p>



<p class="has-small-font-size">As marcas mencionadas e as imagens reproduzidas são de propriedade dos respectivos fabricantes e aqui são utilizados apenas para indicar a aplicabilidade ou destinação dos produtos fabricados pela VF Acessórios, atendendo ao preceito contido no Art. 132 da lei 9279/96.</p>
