{"id":829,"date":"2023-07-01T13:56:44","date_gmt":"2023-07-01T13:56:44","guid":{"rendered":"https:\/\/vfacessorios.com.br\/?post_type=produtos&#038;p=829"},"modified":"2023-07-01T13:56:45","modified_gmt":"2023-07-01T13:56:45","slug":"grade-de-vidro-tipo-original-saveiro","status":"publish","type":"produtos","link":"https:\/\/vfacessorios.com.br\/?produtos=grade-de-vidro-tipo-original-saveiro","title":{"rendered":"Grade de Vidro Tipo Original Saveiro"},"content":{"rendered":"\n<p><strong>Caracter\u00edsticas do Produto<\/strong><\/p>\n\n\n\n<p>Modelo tipo original<br>Estrutura em a\u00e7o carbono<br>Dispon\u00edvel na cor preta<br>Aplica\u00e7\u00e3o sobre a estrutura original do ve\u00edculo<\/p>\n\n\n\n<p><strong>Recomenda\u00e7\u00f5es de Uso<\/strong><\/p>\n\n\n\n<p>N\u00e3o use o acess\u00f3rio para tracionar, pois poder\u00e1 provocar danos \u00e0 carroceria do seu ve\u00edculo.<\/p>\n\n\n\n<p class=\"has-small-font-size\">As marcas mencionadas e as imagens reproduzidas s\u00e3o de propriedade dos respectivos fabricantes e aqui s\u00e3o utilizados apenas para indicar a aplicabilidade ou destina\u00e7\u00e3o dos produtos fabricados pela VF Acess\u00f3rios, atendendo ao preceito contido no Art. 132 da lei 9279\/96.<\/p>\n","protected":false},"featured_media":830,"template":"","categories":[65],"veiculo":[64],"montadora":[63],"class_list":["post-829","produtos","type-produtos","status-publish","has-post-thumbnail","hentry","category-grades-de-vidro","veiculo-saveiro","montadora-volkswagen"],"acf":[],"_links":{"self":[{"href":"https:\/\/vfacessorios.com.br\/index.php?rest_route=\/wp\/v2\/produtos\/829","targetHints":{"allow":["GET"]}}],"collection":[{"href":"https:\/\/vfacessorios.com.br\/index.php?rest_route=\/wp\/v2\/produtos"}],"about":[{"href":"https:\/\/vfacessorios.com.br\/index.php?rest_route=\/wp\/v2\/types\/produtos"}],"wp:featuredmedia":[{"embeddable":true,"href":"https:\/\/vfacessorios.com.br\/index.php?rest_route=\/wp\/v2\/media\/830"}],"wp:attachment":[{"href":"https:\/\/vfacessorios.com.br\/index.php?rest_route=%2Fwp%2Fv2%2Fmedia&parent=829"}],"wp:term":[{"taxonomy":"category","embeddable":true,"href":"https:\/\/vfacessorios.com.br\/index.php?rest_route=%2Fwp%2Fv2%2Fcategories&post=829"},{"taxonomy":"veiculo","embeddable":true,"href":"https:\/\/vfacessorios.com.br\/index.php?rest_route=%2Fwp%2Fv2%2Fveiculo&post=829"},{"taxonomy":"montadora","embeddable":true,"href":"https:\/\/vfacessorios.com.br\/index.php?rest_route=%2Fwp%2Fv2%2Fmontadora&post=829"}],"curies":[{"name":"wp","href":"https:\/\/api.w.org\/{rel}","templated":true}]}}

<p><strong>Características do Produto</strong></p>



<p>Modelo tipo original<br>Estrutura em aço carbono<br>Disponível na cor preta<br>Aplicação sobre a estrutura original do veículo</p>



<p><strong>Recomendações de Uso</strong></p>



<p>Não use o acessório para tracionar, pois poderá provocar danos à carroceria do seu veículo.</p>



<p class="has-small-font-size">As marcas mencionadas e as imagens reproduzidas são de propriedade dos respectivos fabricantes e aqui são utilizados apenas para indicar a aplicabilidade ou destinação dos produtos fabricados pela VF Acessórios, atendendo ao preceito contido no Art. 132 da lei 9279/96.</p>
